 What is the highest common factor of s and a?
4
Let l be (68/10)/(4/20). Suppose l - 202 = -3*s. Let o = 27751 + -27743. What is the highest common factor of s and o?
8
Let g(a) = -8*a**2 - 21*a + 20. Let p be g(-9). Let i = p + 554. Calculate the greatest common factor of 23 and i.
23
Let v(x) = -2*x**2 - 17*x - 28. Suppose 2*w - 11 + 45 = -5*r, -4*r + 5*w - 14 = 0. Let d be v(r). What is the greatest common divisor of d and 86?
2
Suppose -3*f + 5*l = -11, -4*f - 4 = -3*l - 15. Let d(x) = -f*x - 1 - 14 + 0. Let c be d(-9). Calculate the highest common factor of c and 1.
1
Let w = 519 - 335. Let s = w - 178. Let a(g) = 2*g + 2. Let i be a(5). What is the highest common divisor of s and i?
6
Let k(d) = -18*d + 1. Let m be k(-8). Let a = 1971 + -1913. What is the greatest common factor of a and m?
29
Let k be (1007 - 1) + (-1 - 12 - (42 - 49)). Calculate the highest common factor of 210 and k.
10
Let z be (-8)/(-3)*90/8. Suppose -87*b - 550 = -82*b. Let j = 155 + b. What is the greatest common divisor of j and z?
15
Let y(c) = 8979*c**2 + 4*c + 10. Let k be y(-1). Calculate the greatest common divisor of 15 and k.
15
Let f be (-11)/((-1210)/45507) + 18/60. What is the highest common divisor of 8556 and f?
138
Let v be (79/((-7584)/360))/(1/(-24)*5). What is the greatest common divisor of v and 711?
9
Suppose 0 = -c - 2*c + 96. Let b = -771 + 782. Let z be (48/60)/(b/5 + -2). Calculate the greatest common factor of z and c.
4
Suppose -s + 4*s = 63. Suppose -3*o - 14 - 4 = -2*q, 4*o = 5*q - 24. Let a be ((-168)/(-9))/(-2)*o/4. Calculate the greatest common divisor of s and a.
7
Let y = -32 - -76. Let t be (-2 + -8)*3/(-6). Suppose 0 = -5*m + t*g + 85, 0*m = m - 4*g - 2. Calculate the greatest common divisor of y and m.
22
Suppose -5*w + 35 = b, -6*w = -2*w + 3*b - 17. Suppose -w*s + 17*s - 450 = 0. Calculate the highest common factor of 30 and s.
10
Let v be 8 + -14 - 5 - -879. Calculate the greatest common factor of 56 and v.
28
Let u be 1/4 - 9310/(-40). Let r = 266 - u. Calculate the highest common factor of 66 and r.
33
Suppose 0 = 5*u + 14*x - 15*x - 2290, -3*u - x = -1374. What is the highest common factor of u and 22?
2
Suppose -5*n = -5*j - 20, 52*n = 48*n + 3*j + 17. Suppose 18*r - 22*r = -5*m + 117, n*m + r = 102. What is the greatest common factor of m and 903?
21
Let a be ((-55)/50 - 4/10)*-8. Let g = -2 + -10. Let v = 18 + g. What is the highest common factor of v and a?
6
Let s = -1635 + 1011. Let w = -621 - s. Calculate the greatest common factor of w and 12.
3
Suppose -7 = m - 26. Suppose -2 = 2*b, 0 = 2*l + 4*b + 986 + 1502. Let n = 1280 + l. What is the greatest common divisor of m and n?
19
Let a(c) = -c**3 - c**2 + 4*c. Let r be a(-2). Let b be (-18)/(-3)*-2*r/2. What is the greatest common factor of 32 and b?
8
Let q be (144/(-180))/((-6)/45 - 0). What is the highest common divisor of q and 498?
6
Let j = -2 + 4. Suppose 2*s + 2*s - r = 1022, -518 = -2*s - 3*r. Let l = -250 + s. Calculate the greatest common factor of j and l.
2
Let j(c) be the second derivative of -c**3/6 + 5*c**2/2 - 47*c. Let v be j(-4). Let l be (-1 - -3) + (0 - 1). Calculate the greatest common factor of l and v.
1
Suppose 0 = -2*k - k + 45. Let q = -25615 - -25690. What is the highest common divisor of q and k?
15
Let o be (5/60*21)/(2/8). Calculate the highest common factor of 273 and o.
7
Let f(r) = -r**3 - 17*r**2 + 293*r + 16. Let c be f(-28). What is the highest common factor of c and 5?
1
Let p = -2258 - -3622. Calculate the greatest common divisor of p and 110.
22
Suppose 0 = -2*i - 4*f + 1124, -139*i - 3*f = -138*i - 561. Calculate the greatest common factor of i and 36.
12
Suppose 26*y - 64 = 14. Let b be 1/y*0 + 46/2. What is the greatest common factor of 184 and b?
23
Let d(o) = -17*o - 362. Let y be d(-25). Calculate the greatest common divisor of y and 707.
7
Suppose -2074 = -5*r + 36*k - 33*k, -3*r + 5*k = -1238. What is the highest common factor of r and 78?
26
Suppose 10825 = -16*f - 2631. Let q = -820 - f. What is the greatest common divisor of 35 and q?
7
Let a = 210 - 188. Let u(o) = o + 33. Let x be u(a). Calculate the greatest common factor of x and 5.
5
Suppose 67*h + 32*h - 5548 = 23*h. Suppose -5*c + 2351 = 4*p, 106 = 2*p + c - 1065. Calculate the greatest common factor of h and p.
73
Let d = 404 - 368. Suppose d*r - 84 = 35*r. Calculate the highest common divisor of r and 63.
21
Suppose z + 38 = 4*a, 15*z - 16*z - 11 = -a. What is the highest common divisor of a and 75?
3
Suppose 2*v + 6 = 0, -77*a + 79*a = 4*v + 14. Let u be 2/(a/((-325)/(-10))). Calculate the greatest common divisor of u and 39.
13
Let c = -3087 - -3145. What is the greatest common factor of 3335 and c?
29
Let p be 15/3 - (-14)/7. Let c(d) = 25*d - 107. Let l be c(p). Calculate the highest common divisor of l and 17.
17
Suppose 95 + 49 = 4*y. Let z(k) = -20*k**3 - 24*k**2 + 13*k + 3. Let h be z(-3). Calculate the greatest common divisor of h and y.
36
Let d be (1 - 69/15) + (-3)/(-5). Let f(h) = -12*h + 9. Let i be f(d). Let g be (-10)/(-85) - (-151)/17. What is the greatest common factor of g and i?
9
Suppose -11294*f + 79704 = -11051*f. Suppose -d = -5*i - 13, -4 = -d - 4*i - 0. Calculate the highest common factor of d and f.
8
Let d = 17 - -1. Let y(w) be the first derivative of 2*w**3/3 + 5*w**2 - 3*w - 5. Let n be y(-8). What is the greatest common factor of d and n?
9
Suppose 3*q - 307 = -2*w - 0*w, 0 = w + 4*q - 156. Suppose 5*v + 80 = 2*l - 238, v = 4*l - 60. Let h = v + w. What is the highest common factor of h and 8?
8
Let b be (-2)/14*158*(-60 + 11). What is the greatest common factor of 112 and b?
14
Suppose 231*h = 3376 + 2630. Calculate the highest common divisor of 33514 and h.
26
Let i = 9 + 11. Let f(k) = -182*k + 5116. Let p be f(28). What is the highest common factor of i and p?
20
Let j = 41 + -35. Let o(t) be the first derivative of t**3/3 - t**2/2 - 2*t - 28. Let u be o(j). What is the highest common factor of u and 28?
28
Suppose -16*r - 8*r = 0. Suppose 28*z - 195 - 253 = r. What is the greatest common divisor of z and 256?
16
Let s be ((-1162)/(-6))/(1 + (-10)/15). Calculate the highest common factor of s and 2.
1
Let r(x) = -x**2 + 19*x - 8. Let g(s) = 18*s - 8. Let c(m) = 4*g(m) - 3*r(m). Let l be c(-7). What is the greatest common divisor of l and 17?
17
Let m be 14 + -5*(-323)/19. What is the highest common divisor of 979 and m?
11
Let t(k) = -26 + 11 - 2 + k**2 + 9. Let a be t(-6). Calculate the greatest common divisor of a and 112.
28
Suppose -17*y = -5*y - 4416. Suppose 0 = -14*f - 9*f + y. Calculate the highest common factor of f and 496.
16
Suppose -2*p - 7*p + 63 = 0. Let o be 2*(-18)/(-60) - (-17)/5. Suppose -p*d + 42 = -o*d. What is the greatest common factor of 4 and d?
2
Let n be (22/44)/(1/22). Let w be 4*1 + (6 - 5). Suppose -w*v = -v - 352. What is the highest common factor of v and n?
11
Suppose -5*a - 5*f = -150, -2*a + 114*f = 112*f - 36. What is the highest common divisor of 5088 and a?
24
Let t = -58 - -57. Let r be 8/(7 - 3)*2. Let v be -36*(-2 + 2 + t*r). What is the highest common factor of 12 and v?
12
Let l be 36/(-22)*(-6754)/921. What is the highest common factor of l and 404?
4
Suppose -312 = -3*t - 5*o + 110, -5*t + o = -722. Calculate the greatest common divisor of t and 45648.
144
Suppose 2*w = 2*z, -4*z - w + 24 = 3*w. Suppose -54 = -4*o - c + 91, z*o + 5*c - 96 = 0. Calculate the greatest common factor of 111 and o.
37
Let c = 4324 - 4293. Calculate the highest common divisor of c and 1147.
31
Let o be (-23)/(69/(-18))*988/39. Calculate the greatest common factor of o and 112.
8
Let u be ((-4)/(-3))/(22/33). Let g be (-16)/(-5)*(u + -1)*5. Suppose g*y - 9*y - 91 = 0. Calculate the greatest common divisor of 130 and y.
13
Let h(m) = -m**3 - 14*m**2 + 36*m + 18. Let p be h(-17). Calculate the highest common divisor of p and 8736.
273
Let x(j) = 22*j. Let v be x(-2). Let k = 62 + v. Suppose 4*u = -55*r + 52*r - 21, -13*u - 3*r = -60. What is the greatest common factor of u and k?
9
Let i be ((-3)/(-2))/((-3262)/(-644) + -5). Let d = -3 + 4. What is the greatest common divisor of i and d?
1
Let z = 3755 + -3007. Calculate the highest common factor of z and 352.
44
Suppose -8*w = -10 - 30. Let t be 5/